f r.
1951
Let d = 572 - 201. List the prime factors of d.
7, 53
Suppose 3*f - 2*z = -82, -3*z + 0*z + 18 = -f. Let s be (170/f)/((-2)/6). Suppose q - 92 = -s. What are the prime factors of q?
3, 5
Suppose 4*y + 0*y - 76 = 4*w, 3*w = -5*y + 71. Let x = y - 21. Let i(d) = 3*d**2 + 7*d + 3. What are the prime factors of i(x)?
43
Suppose 0 = -p - 2*u + u - 5, 0 = -2*p - 4*u - 10. Let w(k) = -k**3 - 4*k**2 + 5*k + 3. What are the prime factors of w(p)?
3
Suppose -30 = -y - 2*y - 2*o, 4*y + 5*o - 33 = 0. What are the prime factors of (y/(-7))/(13/(2275/(-2)))?
2, 3, 5
Suppose 88 = 8*v - 0*v. Let z = 17 - v. List the prime factors of z.
2, 3
Let o = -10 - -23. Let n(t) = 5 + 3*t - 4 - o. List the prime factors of n(6).
2, 3
Let d(b) = 128*b - 622. What are the prime factors of d(15)?
2, 11, 59
Suppose 4565 = 13*l - 3131. List the prime factors of l.
2, 37
Suppose 6*i = 1893 + 1527. Suppose 3*v = v + i. What are the prime factors of v?
3, 5, 19
Suppose 0 = w + 2*h - 324, -2*w - 2*h + 972 = w. List the prime factors of w.
2, 3
Let q be 713 + -2*(-1 + 2). Suppose q = 13*j - 2201. List the prime factors of j.
2, 7
Let p be (-246)/(-21) - 4/(-14). Let k = p + 5. Let o = k - 11. What are the prime factors of o?
2, 3
Let s(n) = 3*n + 18. Let q be s(-9). Let b be 6/q - 537/(-9). Suppose -189 + b = -5*t. List the prime factors of t.
2, 13
Let m(x) = x + 24. Suppose 3*h - 5*h = -8. Suppose -3*r + h*f = 30, -2*r + 0*r + 5*f = 20. What are the prime factors of m(r)?
2, 7
Suppose 3*i + 2*x = 196, 2*i = -0*i + x + 140. Suppose 6*v + i = 10*v. What are the prime factors of v?
17
Suppose -5*v - 2*z + 62 = -3*z, 0 = -3*v + z + 38. List the prime factors of (-1470)/(-24) + (-3)/v.
61
Let j(i) = -100*i**3 + 99*i**3 - 10 + 8*i**2 + 0*i + 13*i. Let v be (-2)/6 + (-28)/(-3). What are the prime factors of j(v)?
2, 13
List the prime factors of 45/(-3)*((-1588)/10 + 1).
3, 263
Suppose 5*v - 13 - 7 = 0. Suppose 0 = -j + v*j. Suppose -u - 3 + 16 = j. List the prime factors of u.
13
Suppose 2 = -0*f + 2*f. Let n be (f - (-9)/(-6))*0. Suppose n = 4*u + 4*t - 160, 195 = 3*u + 2*u + 4*t. List the prime factors of u.
5, 7
Let u(h) = -h - 14. Let r be u(-14). Suppose -14*g + 17*g - 36 = r. What are the prime factors of g?
2, 3
Let g(m) = -7*m**3 - 7*m**2 + 15*m + 25. Let v(n) = 4*n**3 + 3*n**2 - 7*n - 13. Let j(u) = -3*g(u) - 5*v(u). What are the prime factors of j(-7)?
11
Let r = 572 - 422. What are the prime factors of r?
2, 3, 5
Suppose 9*t - 6784 = -403. What are the prime factors of t?
709
Let i be 1 + (-1 - 0) + 7. Suppose 0 = -3*j - 0*q + 5*q + 900, 578 = 2*j + 4*q. Suppose 0 = 2*g - i*g + j. What are the prime factors of g?
59
Let u be (0/(-2 - -6))/1. Let g be -2 - -1 - u/(-4). List the prime factors of -26*4/(-7 + g).
13
Suppose 4*u + 5*r - 129 = 0, -5*u + 10*u - 195 = 5*r. What are the prime factors of u?
2, 3
Let n(o) = o**3 + 28*o**2 + 62*o - 67. List the prime factors of n(-21).
2, 859
What are the prime factors of (12507/(-22) + -6)*8/(-6)?
2, 383
List the prime factors of 2154/2 - (-2 + (-18)/(-3)).
29, 37
Suppose 32*a - 42*a + 810 = 0. Suppose k - a = 83. List the prime factors of k.
2, 41
Suppose 5*n + 2940 = 5*f, 4053 = 5*f - n + 1125. What are the prime factors of f?
3, 5, 13
Suppose h - 16 = -3*a, a = 2*h + 6 - 3. Suppose -a*f = -5 - 15, -4*p = 2*f - 248. Let z = -21 + p. List the prime factors of z.
3, 13
Let d(c) = 11*c**3 + 2*c**2 + 5. Let k(n) = -33*n**3 - 5*n**2 - 14. Let v(r) = -11*d(r) - 4*k(r). Let z be v(1). Let i = z - -18. List the prime factors of i.
2, 7
Let l(m) be the third derivative of m**6/60 + m**5/15 - 11*m**4/24 + 13*m**3/6 + 2*m**2 - 17. What are the prime factors of l(4)?
7, 23
Suppose -5*g + 0*v = -3*v - 95, -g = 5*v - 47. Let k(y) = 4*y**2 + 8*y + 6. Let s be k(-4). Let b = s - g. What are the prime factors of b?
2
Let u(r) = -r**3 + 4*r - 13*r + 6*r. What are the prime factors of u(-4)?
2, 19
Let f(b) = b**2 + b. Let x(h) = -6*h**2 - 12*h + 6. Let o(s) = 5*f(s) + x(s). Let z be o(-5). Suppose -z = 3*u - 67. What are the prime factors of u?
17
Let c(i) = -i**2 + 15*i - 18. Let q be c(13). Suppose y - 1 + 141 = -2*b, 4*b = 0. List the prime factors of 2*y/q*-1.
5, 7
Suppose 210*o = 208*o - 2*h + 5240, 0 = -3*o - h + 7860. What are the prime factors of o?
2, 5, 131
Let s be ((-2)/4)/(175/60 - 3). What are the prime factors of 56 - -3*8/s?
2, 3, 5
Let t = -93 - -100. Let k(n) be the first derivative of 4*n**2 - 15*n + 1. List the prime factors of k(t).
41
Suppose 4*l - o - o + 88 = 0, 2*o - 4 = 0. Let t = l + 13. List the prime factors of 4 - (t/2 - 46).
2, 3
Let a = 2891 + -1467. List the prime factors of a.
2, 89
Let a(j) = -j + 13. Let g be a(7). Suppose x - 86 = -i, -i - 344 = -4*x - g*i. What are the prime factors of x?
2, 43
Suppose i + 4*y - 716 = 0, -177 - 1265 = -2*i - 3*y. What are the prime factors of i?
2, 181
Let b = 1158 + -433. List the prime factors of b.
5, 29
Let q = -91 + 49. Let r(i) = -i**3 - 16*i**2 + 17*i + 74. Let b be r(-17). Let t = b + q. List the prime factors of t.
2
Suppose -4*g - 2*q + 4 = 0, 0 = -2*g + 4*g + 2*q - 4. Suppose g = 5*w - 4*w + 26. Let n = w + 37. What are the prime factors of n?
11
List the prime factors of ((-736)/115 - 3/5) + 25.
2, 3
Suppose 3*s = -30*s + 49995. What are the prime factors of s?
3, 5, 101
Let a(l) = l**2 + 16*l - 1. Let x be a(-16). What are the prime factors of (5 - 2) + 122/(1 - x)?
2
Let o be (-2 - (-3)/1)*-69. Let s = -47 - o. Suppose m - s = -4*q, 4*m + 5 = 2*q + 3. What are the prime factors of m?
2
Let b(f) = -f + 3. Let l be b(-7). Let g = -7 + l. Suppose -47 = -g*x - x + 5*o, x + 7 = 5*o. What are the prime factors of x?
2, 3
Suppose 1745*b - 1170 = 1743*b. What are the prime factors of b?
3, 5, 13
Let n(d) = 53*d - 13. List the prime factors of n(10).
11, 47
Let v be 24/20*70/4. Let y be (-1)/(-1 - 6/(-5)). Let x = v + y. List the prime factors of x.
2
Let t = 1389 - 753. What are the prime factors of t?
2, 3, 53
Let r be (-6)/27 + 64/(-36). Let w be r - -7 - (-1 + -1). List the prime factors of w/(7/2)*24.
2, 3
Suppose s = -29 + 8. Let o = 11 + s. List the prime factors of ((-26)/o)/(1/5).
13
Suppose 5*i - 2 = 4*i. Suppose 0*b = i*b - w - 329, -5*w = -5*b + 815. List the prime factors of b.
2, 83
Suppose -2*g - 2*k = -6, 4*g = -5*k + 9 + 6. Suppose g = 8*x - 182 - 58. List the prime factors of x.
2, 3, 5
Suppose -5 = -5*w - 0. Let v(u) = 24*u**3 - 10*u**2 - 10*u + 4. Let d(n) = -n**3 + 2*n**2 + 2*n - 1. Let z(g) = 5*d(g) + v(g). List the prime factors of z(w).
2, 3
Let j(y) = -7*y**3 + y**2 + 2*y + 6. Let h be 2/3*((-1224)/16)/17. What are the prime factors of j(h)?
2, 3, 11
Let v(h) = -2893*h - 211. What are the prime factors of v(-2)?
5, 223
Let o be 132 + 3/(3/(-2)). Let w(d) = -d**2 + 5*d + 4. Let g be w(5). List the prime factors of o/g*(-44)/(-55).
2, 13
Let m be 3 + -4 + 1 + -4 - -10. Let s be 348/5 - (-4)/10. Suppose 14 = m*q - s. What are the prime factors of q?
2, 7
Let d(o) = 622*o**2 + 5*o + 1. What are the prime factors of d(-1)?
2, 3, 103
Suppose 0 = -9*p + 11*p - 192. Suppose 2*n = 2*m - 3*m + 91, -p = -2*n + 4*m. Suppose -4*q = -58 - n. List the prime factors of q.
2, 13
Suppose 34*g - 37*g - 354 = 0. Let c = g - -319. What are the prime factors of c?
3, 67
Let g = -8654 - -12136. List the prime factors of g.
2, 1741
Let q be (-1872)/(-10) + 1/(-5). Let g = -104 + q. List the prime factors of g.
83
Suppose 0 = 16*c - 29*c + 16367. List the prime factors of c.
1259
Suppose 10*u = 32 + 988. Let x = u - -71. What are the prime factors of x?
173
What are the prime factors of -4 + 2 + (2 - -896)?
2, 7
Suppose -5*c + 1467 = 4*t, -4*c + 5*c = -t + 293. List the prime factors of c.
5, 59
What are the prime factors of 4/(-30) + (4959416/60)/22?
13, 17
Let g be 18/(-15)*(-30)/9. Suppose g*j = -6*j + 770. What are the prime factors of j?
7, 11
Suppose -k - 2 = -m - 3, 4*k + 4*m - 4 = 0. Let d be (-4*k)/((-5)/10). Let r = d - 4. List the prime factors of r.
2
Let q(f) = 7*f**2 - 1. Let z be q(1). Let x(a) = -a**3 + a**2 + 2*a + 3. Let y be x(-4). Suppose z*s - y = s. What are the prime factors of s?
3, 5
Let l(k) = -3*k**2 + 5*k. Let a be l(-2). Let g = a + 44. List the prime factors of g.
2, 11
Suppose -4*d + 1110 + 14246 = 5*g, g = -5*d + 3088. What are t